der when 46120 is divided by 1731?
1114
Calculate the remainder when 178549 is divided by 178460.
89
What is the remainder when 26637117 is divided by 240?
237
What is the remainder when 174607178 is divided by 9895?
8
What is the remainder when 3407743 is divided by 1544?
135
What is the remainder when 1134109 is divided by 581?
578
What is the remainder when 3088565 is divided by 174?
65
What is the remainder when 161996 is divided by 4267?
4117
What is the remainder when 147350 is divided by 66?
38
What is the remainder when 1865966 is divided by 21201?
278
Calculate the remainder when 87577 is divided by 4601.
158
What is the remainder when 197089 is divided by 38874?
2719
Calculate the remainder when 16984346 is divided by 36.
14
What is the remainder when 18393785 is divided by 1532799?
197
Calculate the remainder when 962150 is divided by 16307.
37
Calculate the remainder when 4629737 is divided by 103.
93
What is the remainder when 61239 is divided by 648?
327
Calculate the remainder when 354684 is divided by 854.
274
Calculate the remainder when 19439 is divided by 19377.
62
What is the remainder when 614105 is divided by 306882?
341
Calculate the remainder when 12008329 is divided by 111188.
25
What is the remainder when 353604 is divided by 31333?
8941
Calculate the remainder when 107931169 is divided by 19.
16
What is the remainder when 1631527 is divided by 1021?
990
Calculate the remainder when 121285304 is divided by 176.
8
Calculate the remainder when 4239545 is divided by 2341.
2335
What is the remainder when 51073 is divided by 16958?
199
Calculate the remainder when 293507 is divided by 5858.
607
What is the remainder when 6268000 is divided by 1653?
1477
Calculate the remainder when 60703 is divided by 12023.
588
What is the remainder when 57264308 is divided by 5571?
5570
What is the remainder when 23114 is divided by 11099?
916
What is the remainder when 219787 is divided by 1848?
1723
Calculate the remainder when 1901073 is divided by 687.
144
What is the remainder when 4484091 is divided by 2242021?
49
Calculate the remainder when 1578404 is divided by 160.
4
What is the remainder when 4128831 is divided by 11933?
13
What is the remainder when 20860 is divided by 2339?
2148
Calculate the remainder when 2653496 is divided by 1382.
56
Calculate the remainder when 1427662 is divided by 24.
22
What is the remainder when 1088968 is divided by 1691?
1655
Calculate the remainder when 8479707 is divided by 1095.
27
Calculate the remainder when 43375122 is divided by 9296.
9282
What is the remainder when 3402389 is divided by 71?
69
Calculate the remainder when 1168792 is divided by 2830.
2
Calculate the remainder when 71314 is divided by 17503.
1302
What is the remainder when 156997 is divided by 52316?
49
Calculate the remainder when 24991030 is divided by 1046.
1044
Calculate the remainder when 731498 is divided by 16374.
11042
Calculate the remainder when 2223378 is divided by 4.
2
What is the remainder when 97475928 is divided by 1827?
1824
Calculate the remainder when 1086926 is divided by 3564.
3470
Calculate the remainder when 7161701 is divided by 189.
113
What is the remainder when 2744235 is divided by 17591?
39
What is the remainder when 5930417 is divided by 10?
7
Calculate the remainder when 200122 is divided by 5394.
544
What is the remainder when 25650783 is divided by 2626?
15
Calculate the remainder when 30831 is divided by 883.
809
Calculate the remainder when 1742668 is divided by 23872.
12
What is the remainder when 79103023 is divided by 16?
15
What is the remainder when 1592277 is divided by 397671?
1593
What is the remainder when 301573 is divided by 484?
41
What is the remainder when 1397642 is divided by 9582?
8252
Calculate the remainder when 2486874 is divided by 6685.
54
Calculate the remainder when 14895368 is divided by 677.
14
What is the remainder when 2543 is divided by 1074?
395
Calculate the remainder when 1304480 is divided by 434653.
521
What is the remainder when 8746980 is divided by 4373448?
84
What is the remainder when 95586 is divided by 23616?
1122
Calculate the remainder when 29248000 is divided by 882.
880
What is the remainder when 88278 is divided by 831?
192
What is the remainder when 22287411 is divided by 557184?
51
Calculate the remainder when 177218767 is divided by 39.
37
Calculate the remainder when 641507749 is divided by 650.
649
What is the remainder when 290181 is divided by 36258?
117
What is the remainder when 2552059 is divided by 127569?
679
Calculate the remainder when 16992363 is divided by 4248088.
11
Calculate the remainder when 39259648 is divided by 2453726.
32
What is the remainder when 2493713 is divided by 171?
20
What is the remainder when 247395 is divided by 13895?
11180
Calculate the remainder when 23516204 is divided by 2351618.
24
What is the remainder when 2429820 is divided by 168?
36
What is the remainder when 160129 is divided by 160108?
21
What is the remainder when 311811 is divided by 613?
407
Calculate the remainder when 1311712 is divided by 2547.
7
What is the remainder when 337967399 is divided by 485?
484
What is the remainder when 78698 is divided by 3269?
242
Calculate the remainder when 2287420 is divided by 457460.
120
Calculate the remainder when 9692 is divided by 218.
100
What is the remainder when 3272487 is divided by 47?
18
Calculate the remainder when 23221 is divided by 206.
149
What is the remainder when 95386361 is divided by 1653?
1649
Calculate the remainder when 245407075 is divided by 433.
428
What is the remainder when 13407 is divided by 1288?
527
What is the remainder when 19170149 is divided by 1362?
1361
What is the remainder when 3155541 is divided by 52?
25
Calculate the remainder when 28200 is divided by 22107.
6093
What is the remainder when 1726268 is divided by 245?
243
What is the remainder when 1229218 is divided by 13361?
6
What is the remainder when 649198135 is divided by 3841?
3838
Calculate the remainder when 25065565 is divided by 12532757.
51
What is the remainder when 73324 is divided by 424?
396
Calculate the remainder when 5519175 is divided by 378.
375
Calculate the remainder when 469684 is divided by 67084.
96
What is the remainder when 110756 is divided by 36773?
437
What is the remainder when 1970781 is divided by 394150?
31
Calculate the remainder when 13197530 is divided by 1734.
56
Calculate the remainder when 32456 is divided by 2664.
488
Calculate the remainder when 821976532 is divided by 21.
13
What is the remainder when 190451 is divided by 5262?
1019
What is the remainder when 14646698 is divided by 169?
144
Calculate the remainder when 22041 is divided by 2734.
169
What is the remainder when 6692641 is divided by 5686?
219
What is the remainder when 2659050 is divided by 66476?
10
What is the remainder when 3151020 is divided by 76?
60
Calculate the remainder when 923166 is divided by 1368.
1134
What is the remainder when 101385019 is divided by 824268?
55
Calculate the remainder when 343028836 is divided by 1819.
1816
Calculate the remainder when 29717445 is divided by 402.
399
What is the remainder when 108156 is divided by 1115?
1
What is the remainder when 33993957 is divided by 14877?
12
What is the remainder when 321858 is divided by 18931?
31
What is the remainder when 162943 is divided by 40271?
1859
Calculate the remainder when 84922415 is divided by 567.
557
What is the remainder when 7555 is divided by 78?
67
Calculate the remainder when 7327226 is divided by 457950.
26
What is the remainder when 55804075 is divided by 10?
5
What is the remainder when 3728 is divided by 2389?
1339
What is the remainder when 2226603 is divided by 12651?
27
Calculate the remainder when 467943 is divided by 95.
68
Calculate the remainder when 922670 is divided by 1972.
1746
Calculate the remainder when 280051 is divided by 84.
79
Calculate the remainder when 65936875 is divided by 157.
15
What is the remainder when 144029 is divided by 35850?
629
What is the remainder when 6547113 is divided by 48859?
7
Calculate the remainder when 501338 is divided by 1011.
893
What is the remainder when 31595308 is divided by 2430406?
30
Calculate the remainder when 4362233 is divided by 801.
788
Calcula